.
2, 3, 7, 17, 197
What are the prime factors of 3798831?
3, 1266277
What are the prime factors of 2037613?
1307, 1559
List the prime factors of 13917727.
1721, 8087
List the prime factors of 7874837.
31, 254027
What are the prime factors of 2636240?
2, 5, 31, 1063
List the prime factors of 60276.
2, 3, 5023
List the prime factors of 1317928.
2, 151, 1091
List the prime factors of 592955.
5, 11, 10781
What are the prime factors of 4354894?
2, 2177447
What are the prime factors of 1433931?
3, 477977
What are the prime factors of 308907?
3, 17, 673
List the prime factors of 102862.
2, 51431
List the prime factors of 17168664.
2, 3, 715361
What are the prime factors of 28413862?
2, 229, 62039
List the prime factors of 24617947.
24617947
List the prime factors of 852964.
2, 7, 41, 743
What are the prime factors of 3436467?
3, 53, 21613
List the prime factors of 125532.
2, 3, 11, 317
List the prime factors of 12363405.
3, 5, 824227
List the prime factors of 7290018.
2, 3, 405001
What are the prime factors of 26185?
5, 5237
What are the prime factors of 2020573?
23, 59, 1489
What are the prime factors of 13047531?
3, 7, 277, 2243
List the prime factors of 1482058.
2, 223, 3323
What are the prime factors of 3420173?
29, 117937
List the prime factors of 309988.
2, 7, 11071
List the prime factors of 32098697.
47, 682951
List the prime factors of 242535.
3, 5, 19, 23, 37
What are the prime factors of 737295?
3, 5, 13, 19, 199
What are the prime factors of 6465486?
2, 3, 827, 1303
What are the prime factors of 6655653?
3, 17, 41, 1061
List the prime factors of 1078856.
2, 134857
What are the prime factors of 10482503?
23, 455761
List the prime factors of 4518952.
2, 503, 1123
What are the prime factors of 1764134?
2, 882067
List the prime factors of 227413.
71, 3203
List the prime factors of 70140.
2, 3, 5, 7, 167
List the prime factors of 14492299.
14492299
What are the prime factors of 1966052?
2, 11, 44683
What are the prime factors of 149001?
3, 49667
List the prime factors of 4290991.
4290991
What are the prime factors of 970437?
3, 13, 149, 167
What are the prime factors of 37251380?
2, 5, 307, 6067
What are the prime factors of 13121177?
1087, 12071
What are the prime factors of 1136605?
5, 103, 2207
What are the prime factors of 869117?
19, 149, 307
What are the prime factors of 23689338?
2, 3, 3948223
List the prime factors of 282989.
7, 40427
List the prime factors of 1374490.
2, 5, 13, 97, 109
What are the prime factors of 106431?
3, 13, 2729
List the prime factors of 477207.
3, 17, 3119
What are the prime factors of 8435180?
2, 5, 13, 32443
List the prime factors of 4966202.
2, 769, 3229
List the prime factors of 1937687.
587, 3301
List the prime factors of 1615807.
107, 15101
List the prime factors of 983072.
2, 31, 991
What are the prime factors of 281042?
2, 140521
List the prime factors of 6019658.
2, 83, 36263
What are the prime factors of 33005567?
7, 29, 23227
List the prime factors of 3711.
3, 1237
List the prime factors of 3834913.
3834913
List the prime factors of 4432434.
2, 3, 19, 59, 659
List the prime factors of 6223341.
3, 2074447
List the prime factors of 12166558.
2, 157, 38747
List the prime factors of 7189657.
17, 19, 22259
What are the prime factors of 1565369?
13, 120413
List the prime factors of 129656.
2, 19, 853
What are the prime factors of 54372?
2, 3, 23, 197
What are the prime factors of 147313?
41, 3593
List the prime factors of 2686045.
5, 389, 1381
List the prime factors of 105881.
113, 937
What are the prime factors of 1412208?
2, 3, 7, 467
What are the prime factors of 23194028?
2, 11, 13, 23, 41, 43
What are the prime factors of 3342931?
17, 196643
List the prime factors of 2885066.
2, 271, 5323
What are the prime factors of 28415835?
3, 5, 7, 263
List the prime factors of 3554751.
3, 17, 47, 1483
List the prime factors of 655135.
5, 13, 10079
List the prime factors of 62894.
2, 13, 41, 59
What are the prime factors of 6009813?
3, 263, 2539
List the prime factors of 1967540.
2, 5, 98377
What are the prime factors of 267955?
5, 53591
What are the prime factors of 84550?
2, 5, 19, 89
List the prime factors of 142599.
3, 47533
What are the prime factors of 17172803?
17172803
List the prime factors of 14018138.
2, 31, 226099
List the prime factors of 5605989.
3, 1868663
What are the prime factors of 21146406?
2, 3, 41, 67, 1283
List the prime factors of 167783.
7, 11, 2179
What are the prime factors of 4243?
4243
List the prime factors of 537036.
2, 3, 44753
What are the prime factors of 2999228?
2, 749807
What are the prime factors of 9458833?
71, 127, 1049
What are the prime factors of 59604?
2, 3, 4967
List the prime factors of 14169856.
2, 55351
List the prime factors of 205716.
2, 3, 7, 31, 79
What are the prime factors of 724863?
3, 17, 61, 233
List the prime factors of 21008728.
2, 13, 41, 379
What are the prime factors of 9180560?
2, 5, 114757
What are the prime factors of 3235?
5, 647
List the prime factors of 12990757.
13, 331, 3019
List the prime factors of 12411228.
2, 3, 89, 11621
List the prime factors of 713786.
2, 356893
What are the prime factors of 1938637?
1938637
List the prime factors of 1242927.
3, 7, 109, 181
List the prime factors of 722901.
3, 240967
List the prime factors of 294944.
2, 13, 709
List the prime factors of 152824.
2, 7, 2729
List the prime factors of 7844801.
7844801
What are the prime factors of 2254664?
2, 281833
What are the prime factors of 541370?
2, 5, 43, 1259
What are the prime factors of 4163066?
2, 29, 71777
What are the prime factors of 899991?
3, 41, 271
What are the prime factors of 222610?
2, 5, 113, 197
What are the prime factors of 397901?
7, 56843
What are the prime factors of 7824186?
2, 3, 23, 18899
List the prime factors of 469485.
3, 5, 10433
What are the prime factors of 13770795?
3, 5, 29, 31657
What are the prime factors of 183463?
7, 26209
What are the prime factors of 13384559?
17, 61, 12907
What are the prime factors of 200594?
2, 100297
What are the prime factors of 6388128?
2, 3, 41, 541
What are the prime factors of 732671?
61, 12011
What are the prime factors of 241885?
5, 7, 6911
List the prime factors of 382182.
2, 3, 63697
What are the prime factors of 34662?
2, 3, 53, 109
What are the prime factors of 859579?
7, 19, 23, 281
List the prime factors of 721437.
3, 240479
List the prime factors of 1535355.
3, 5, 17, 223
List the prime factors of 27797711.
137, 331, 613
List the prime factors of 702063.
3, 78007
What are the prime factors of 4609678?
2, 2304839
List the prime factors of 1165894.
2, 17, 53, 647
What are the prime factors of 323151?
3, 107717
List the prime factors of 23484.
2, 3, 19, 103
What are the prime factors of 1650050?
2, 5, 61, 541
List the prime factors of 232575.
3, 5, 7, 443
What are the prime factors of 979250?
2, 5, 3917
What are the prime factors of 845075?
5, 7, 11, 439
What are the prime factors of 3106410?
2, 3, 5, 17, 6091
What are the prime factors of 3036856?
2, 379607
What are the prime factors of 7277681?
7277681
What are the prime factors of 235251?
3, 8713
List the prime factors of 4235946.
2, 3, 11, 13, 4937
What are the prime factors of 100216?
2, 12527
What are the prime factors of 184153?
184153
What are the prime factors of 28621720?
2, 5, 37, 83, 233
What are the prime factors of 715386?
2, 3, 7, 17033
What are the prime factors of 727522?
2, 363761
What are the prime factors of 387959?
11, 13, 2713
What are the prime factors of 287524?
2, 71881
List the prime factors of 4705931.
4705931
List the prime factors of 288613.
13, 149
List the prime factors of 212913.
3, 41, 577
What are the prime factors of 66105?
3, 5, 13, 113
What are the prime factors of 930450?
2, 3, 5, 6203
What are the prime factors of 298139?
443, 673
List the prime factors of 6073231.
101, 157, 383
List the prime factors of 295135.
5, 67, 881
What are the prime factors of 4488914?
2, 37, 60661
What are the prime factors of 276261?
3, 71, 1297
List the prime factors of 153236.
2, 29, 1321
What are the prime factors of 935819?
935819
List the prime factors of 1349574.
2, 3, 224929
What are the prime factors of 1910567?
1910567
What are the prime factors of 880371?
3, 23, 4253
What are the prime factors of 1395236?
2, 149, 2341
L